 Let x = 29 + -7. Is t(x) a prime number?
True
Let w be (453 - (8 - 16)) + 0/(-1). Suppose 3*r - j = -63 + w, 2*j = -10. Is r a prime number?
True
Let q be 19/(-171) - (13411/(-9) - -2). Let f = q + 6265. Is f a composite number?
False
Suppose -3*y + 3*s = -663627, -2*y + 4*s + 299703 = -142715. Is y a composite number?
False
Suppose -11*j + 21*j = 0. Let w(y) = 5*y**3 - 3*y**2 - 3*y - 2. Let g be w(3). Suppose j = 2*k - g - 187. Is k a composite number?
True
Suppose 0 = 20*q - 2699423 - 975797. Is q prime?
True
Is -4 - -10 - (-1120042)/(27 - 13) prime?
False
Let x(d) = -1784*d - 79. Is x(-13) a composite number?
True
Let b = 1247 - 864. Let l(v) = 190*v - 2. Let q be l(-1). Let r = b + q. Is r composite?
False
Suppose 0 = -2*v + 10*v + 9*v - 3424565. Is v a composite number?
True
Suppose 480007 = 440*f - 429*f. Is f composite?
True
Suppose -387 = -4*w - 403, -5*w = -k + 22498. Is k a prime number?
False
Suppose -4181*p + 127508 = -4177*p. Is p prime?
False
Let m = -7909 - -16691. Is (1 + 1*4/(-8))*m composite?
False
Suppose 36*a + 36735 = 31*a. Let n = 15658 + a. Is n a prime number?
True
Is (-16)/(-8)*(-1957461)/(-66) composite?
True
Let y(b) be the second derivative of 7*b**4/12 + 17*b**3/3 - 83*b**2/2 + 2*b - 30. Is y(14) composite?
True
Let z = -6 - -1. Let x = 2991 - 2971. Is x/(-50) - 417/z a prime number?
True
Let c(v) = 6*v**2 - 27*v + 43. Let s be c(-25). Suppose d + d + 2*q - s = 0, 5*d + 4*q - 11173 = 0. Is d composite?
False
Suppose 1075*k - 1087*k = -1598604. Is k prime?
False
Let w(b) = -b**3 + 3*b**2 + 1. Let p be w(2). Suppose x - 4 = -3*d, -p*x = -5*d + 2*d + 34. Is (4698/(-30) + -7)/(2/x) a prime number?
True
Let h be (-2)/(-4)*(18 + -18). Suppose -5*n + 2*w + 13305 = 0, -5322 = -2*n - h*w - w. Suppose 3*o - 6*o = -n. Is o a prime number?
True
Suppose 69*x + 27206 = 130*x. Is x composite?
True
Suppose 107*r + 201*r = 119038612. Is r a prime number?
True
Is 72/684 - 262977/(-19) a prime number?
True
Let q(z) = -4*z**2 + 156*z + 109. Is q(21) prime?
True
Suppose -3*s + 2 = -2*s + 4*a, -5*s - a + 29 = 0. Let q = 8 - s. Suppose -679 = -q*g - 9. Is g composite?
True
Is (-20539596)/(-210) - 27/45 a prime number?
False
Let i(z) = 5*z**2 - 17*z + 10. Let b be i(-15). Suppose -5*v = -2*r + 1679 - 289, 2*r - b = 3*v. Is r composite?
True
Is -291 + 277 + (-1 - -106070) composite?
True
Let v = 5544 - 3185. Suppose d = i + v, 2*d - i - 6201 + 1483 = 0. Is d a prime number?
False
Is ((-330358)/(-70))/(8/40) a prime number?
False
Is ((-3)/(-4))/(51/(-136)) - (-8 - 156733) prime?
False
Suppose 498*w = 490*w + 14544. Suppose 4*h = -l + 10257, 3*h + 3*l + w = 9522. Is h prime?
False
Let w(r) = 756*r**2 + 5*r + 22. Let v(k) = -k**2 + 58*k - 307. Let h be v(6). Is w(h) prime?
True
Let o = -198 - -326. Let f = o - 123. Suppose -p = 2, 4*s + f*p - 693 = 3*s. Is s composite?
True
Let z(f) = 5*f**3 - 4*f**2 - 16*f + 3. Let a = 80 + -73. Let b be z(a). Suppose -1773 - b = -3*l. Is l a prime number?
True
Let t = 177 - 162. Suppose 3*x = t, -5*v + 4*x + 4131 = -27784. Is v prime?
False
Suppose 59*i - 5564 = 57*i. Suppose 7*w = -6*w + i. Is w a prime number?
False
Suppose -3*b + 4 = x, x - 2*b - 3*b - 4 = 0. Suppose 7 + 17 = 3*z + 4*i, 0 = -x*z + 3*i + 7. Suppose 2*y + 1272 = 4*f, -z*y = -5*y - 2. Is f prime?
True
Suppose -4*t + 6 - 162 = 0. Let w be 56/26 - 3/(t/(-2)). Is (-7)/(14/(-1104)) + w/2 composite?
True
Let m(x) = -27*x**3 - 288*x**2 + 6*x + 293*x**2 - 4 + 5. Is m(-3) prime?
True
Let a = 400486 + -239321. Is a a prime number?
False
Let p = -677 + 1188. Is 3*-2 + -2 + p composite?
False
Let s(h) = 195*h**3 + 4*h**2 + 36*h + 4. Let f = -440 + 445. Is s(f) prime?
True
Suppose 64*w = 2000009 + 10785719. Is w prime?
True
Let y(f) = 3*f + 21. Suppose 42 = 13*t - 19*t. Let j be y(t). Suppose j = -p + 2*v + 299, 0 = 3*p + 5*v + 452 - 1316. Is p composite?
False
Let d(s) = s**2 - 36. Let y be d(7). Suppose -2*m - 18 = 4*u, 0 = -4*u - m - 0 - y. Is (7/14)/(20889/(-10446) - u) a composite number?
False
Let x(r) = 7531*r + 260. Is x(3) prime?
True
Let t(v) = 6*v - 9 + 27*v + 10 + 41*v. Let x(s) = -223*s - 2. Let q(l) = 7*t(l) + 2*x(l). Is q(3) composite?
True
Let k be (-2)/5*(143 + -3)/(-7). Is 12*45 + k/(-20)*-5 a composite number?
True
Let j(w) = -3*w**3 - 19*w**2 - 8*w - 15. Let f be j(-6). Is 3 + (f - -13218 - (0 - -1)) prime?
True
Suppose -888*m + 904*m = 6419937 - 1633649. Is m a prime number?
False
Let q be (-2)/21 - 22195801/(-861). Let m = q - 15862. Is m prime?
False
Suppose -15*z = -19*z + i + 11, -4*z + 4*i + 8 = 0. Suppose -z*n = -4*j + 6563, 12*n = 11*n + 3. Is j a composite number?
True
Let n = -159204 - -235901. Is n prime?
True
Suppose h - 11131 = 3*u, 5*h = 3*h + 5*u + 22259. Suppose 9*x = -h - 12323. Let q = 5708 + x. Is q a prime number?
False
Let n be 4 - (-19 + 25)*1/(-3). Let s be 77 - (-2 - (3 - 5)). Suppose -n*c + 467 = s. Is c a composite number?
True
Suppose -3150614 = -14*a + 796388 - 715088. Is a composite?
True
Let v(a) = -2551*a + 18. Is v(-11) a prime number?
False
Let x(k) = 2756*k**3 - 8*k**2 + 11. Is x(3) prime?
False
Let c(d) = -443*d**3 + d**2 + 6*d + 5. Let j = 597 + -600. Is c(j) a composite number?
True
Is ((-4)/8*115099)/(1 + (-15)/10) prime?
True
Suppose 3892278 = -85*g + 87*g + u, 0 = -4*u - 16. Is g a prime number?
True
Suppose 7*t + 2*k - 130132 + 29677 = 0, 0 = -4*t + k + 57405. Is t a composite number?
True
Suppose 14200 = -5*b - 5*j, -4*j + 11010 - 2483 = -3*b. Let v be 4 + -1 - b/1 - -2. Suppose -5*l = -1919 - v. Is l prime?
True
Suppose -x - 568339 = -5*d, 3*d - 118*x - 341017 = -114*x. Is d a composite number?
True
Suppose 14 = 17*j - 10*j. Suppose -12 = -j*m - m. Suppose -4*p + 779 = 2*f - 479, -m*f - p = -2537. Is f a composite number?
True
Suppose 0 = n + 3*q - 331936, 4*n + 171*q - 1327829 = 176*q. Is n composite?
True
Suppose -335*p = -12551977 - 38977604 - 85433494. Is p a prime number?
False
Let g(m) = 7*m + 68. Let p be g(-8). Suppose -p*w + 24426 = -78546. Is w a composite number?
False
Let t(a) = 37*a**3 - 7*a**2 + 6*a. Let v be t(1). Is ((-18)/v)/((-1)/(-4)) + 4909 composite?
True
Let t = 11865 - 5631. Let n = 16789 - t. Is n a prime number?
False
Is 2091236/147 + -5 - 1/21*2 composite?
False
Let o(p) = 39*p**3 - p**2 + 5*p - 11. Let l(k) = k**2 + 4*k - 3. Let g be l(1). Is o(g) prime?
True
Let z(q) = 54*q**2 - 281*q - 74. Is z(-17) composite?
True
Let i = 117 + -112. Suppose 35 = 5*w - 0*k + i*k, 2*w - 30 = 2*k. Suppose -5*a = -w*a + 10278. Is a composite?
True
Suppose 4*g - 4*t - 72328 = 0, 5*g - 10*g - 5*t + 90360 = 0. Is g a composite number?
False
Suppose 4*y = -4*f + 2160536, 1794*y - 1620397 = -3*f + 1790*y. Is f composite?
False
Let g(q) = 2212*q**2 + 261*q - 5. Is g(-2) composite?
True
Let d be (-10 - 6)/(3/48*2). Let v = 136 + d. Is v/2*(-1174)/(-8) a composite number?
False
Is 4/(16/524757) - (-17 - 966/(-56)) a composite number?
True
Is (-23796576)/(-24) - ((-2)/3)/((-8)/(-84)) prime?
True
Let i = -51983 + 101710. Is i a prime number?
True
Suppose -3*x + 2*u = -1994795, -290428 = -4*x - 2*u + 2369308. Is x a prime number?
True
Let b = 54 - 56. Let r be (b + 1 - 1) + 639/1. Let c = r + -386. Is c composite?
False
Let o(s) = -s**3 + 95*s**2 - 200*s + 591. Is o(77) composite?
True
Is 14378 - (2/(-7) - 867/(-119)) prime?
False
Suppose -j + 75*j - 19640325 = -j. Is j a composite number?
True
Let s(h) = 1874*h - 60. Is s(1) a prime number?
False
Let s(u) = -2. Let q(x) = 151*x + 118. Let g(z) = q(z) + 4*s(z). Is g(9) a composite number?
True
Is (0 - 3/(-1))*(-27227176)/(-2424) composite?
True
Let s = 219480 + -116093. Is s a composite number?
False
Let z(h) = 590*h + 1547. Is z(24) prime?
False
Suppose -a + 1905 = -1186. Is a a composite number?
True
Let b be (-62)/4*(2 + -18). Suppose -21*t - 17 = -2*o - 18*t, -t = 5*o - 51. Suppose o*v - 6812 = b. Is v prime?
False
Let h(w) = 0*w**2 - 3 + 14*w - 16 - w**3 - 3*w**2. Let u be h(9). Let n = 3020 + u. Is n a prime number?
False
Suppose 4*u = 49*g - 50*g + 57479, -5*g + 57491 = 4*u. Is u composite?
False
Suppose 5*b - 10*b + 50047 = -4*g, -3*b - 2*g + 30015 = 0. Is b a prime number?
True
Let f = -41 - -45. Let a(u) = 40*u**2 - 2*u - 6. Let o be a(f). Suppose -4*p + o = 2*r, -4*p + 588 = r - 43. Is p a composite number?
True
Let n(s) = -